mainder when 3932 is divided by 7?
5
What is the remainder when 919 is divided by 351?
217
Calculate the remainder when 1792 is divided by 472.
376
Calculate the remainder when 3978 is divided by 1938.
102
Calculate the remainder when 400992 is divided by 26.
20
Calculate the remainder when 1629 is divided by 739.
151
Calculate the remainder when 1515 is divided by 502.
9
What is the remainder when 3239086 is divided by 411?
406
What is the remainder when 180623 is divided by 223?
216
What is the remainder when 3495 is divided by 3489?
6
What is the remainder when 40312 is divided by 1035?
982
Calculate the remainder when 1540 is divided by 114.
58
Calculate the remainder when 100455 is divided by 33483.
6
What is the remainder when 3737 is divided by 26?
19
Calculate the remainder when 12436 is divided by 4138.
22
Calculate the remainder when 2132 is divided by 1690.
442
What is the remainder when 5049 is divided by 629?
17
What is the remainder when 5800 is divided by 457?
316
What is the remainder when 3991007 is divided by 6?
5
What is the remainder when 10144 is divided by 378?
316
What is the remainder when 13304 is divided by 52?
44
Calculate the remainder when 21667 is divided by 27.
13
What is the remainder when 269 is divided by 150?
119
Calculate the remainder when 5158 is divided by 34.
24
Calculate the remainder when 85265 is divided by 85243.
22
What is the remainder when 231606 is divided by 91?
11
Calculate the remainder when 81915 is divided by 219.
9
What is the remainder when 9754 is divided by 232?
10
Calculate the remainder when 121235 is divided by 12121.
25
What is the remainder when 820 is divided by 259?
43
Calculate the remainder when 32683 is divided by 43.
3
What is the remainder when 15242 is divided by 51?
44
What is the remainder when 136928 is divided by 45642?
2
What is the remainder when 2531 is divided by 493?
66
What is the remainder when 48414 is divided by 68?
66
What is the remainder when 5944 is divided by 7?
1
What is the remainder when 6188 is divided by 684?
32
What is the remainder when 136219 is divided by 198?
193
What is the remainder when 4308 is divided by 80?
68
Calculate the remainder when 3869 is divided by 97.
86
What is the remainder when 5442 is divided by 2711?
20
What is the remainder when 2398 is divided by 183?
19
Calculate the remainder when 7673 is divided by 1631.
1149
What is the remainder when 403874 is divided by 244?
54
Calculate the remainder when 122282 is divided by 9.
8
Calculate the remainder when 15697 is divided by 239.
162
Calculate the remainder when 21086 is divided by 8.
6
What is the remainder when 5657 is divided by 91?
15
What is the remainder when 335 is divided by 275?
60
Calculate the remainder when 84399 is divided by 80.
79
What is the remainder when 31314 is divided by 31156?
158
Calculate the remainder when 211829 is divided by 345.
344
What is the remainder when 175954 is divided by 288?
274
What is the remainder when 14901 is divided by 677?
7
Calculate the remainder when 4754 is divided by 44.
2
Calculate the remainder when 41099 is divided by 800.
299
What is the remainder when 11186 is divided by 530?
56
Calculate the remainder when 1859 is divided by 356.
79
What is the remainder when 1346358 is divided by 371?
370
What is the remainder when 8617 is divided by 41?
7
Calculate the remainder when 62450 is divided by 13.
11
Calculate the remainder when 113957 is divided by 28.
25
What is the remainder when 3029 is divided by 730?
109
Calculate the remainder when 6493 is divided by 103.
4
What is the remainder when 8978 is divided by 428?
418
What is the remainder when 85342 is divided by 889?
887
Calculate the remainder when 21686 is divided by 192.
182
What is the remainder when 442433 is divided by 147472?
17
What is the remainder when 67953 is divided by 557?
556
What is the remainder when 122520 is divided by 61251?
18
Calculate the remainder when 4034 is divided by 3573.
461
Calculate the remainder when 8435 is divided by 16.
3
What is the remainder when 30360 is divided by 1597?
17
Calculate the remainder when 7309 is divided by 28.
1
Calculate the remainder when 1345 is divided by 363.
256
Calculate the remainder when 2306860 is divided by 14.
10
What is the remainder when 138863 is divided by 18?
11
Calculate the remainder when 335129 is divided by 111701.
26
What is the remainder when 3257 is divided by 51?
44
Calculate the remainder when 145590 is divided by 145587.
3
What is the remainder when 15242 is divided by 17?
10
Calculate the remainder when 45069 is divided by 24.
21
What is the remainder when 17747 is divided by 385?
37
Calculate the remainder when 254170 is divided by 118.
116
What is the remainder when 140347 is divided by 4?
3
What is the remainder when 16367206 is divided by 104?
102
Calculate the remainder when 140422 is divided by 1325.
1297
Calculate the remainder when 70450 is divided by 12.
10
What is the remainder when 393273 is divided by 135?
18
Calculate the remainder when 33555 is divided by 91.
67
Calculate the remainder when 1056 is divided by 195.
81
What is the remainder when 2664 is divided by 415?
174
What is the remainder when 228144 is divided by 722?
714
What is the remainder when 16037 is divided by 28?
21
What is the remainder when 14683 is divided by 108?
103
What is the remainder when 152319 is divided by 50739?
102
What is the remainder when 1522219 is divided by 2232?
2227
Calculate the remainder when 5845 is divided by 158.
157
Calculate the remainder when 44158 is divided by 276.
274
What is the remainder when 10834 is divided by 2110?
284
What is the remainder when 98255 is divided by 184?
183
Calculate the remainder when 60835 is divided by 29.
22
Calculate the remainder when 222456 is divided by 87.
84
What is the remainder when 11577 is divided by 193?
190
What is the remainder when 148780 is divided by 49?
16
What is the remainder when 40444 is divided by 879?
10
Calculate the remainder when 30857 is divided by 321.
41
Calculate the remainder when 8219 is divided by 11.
2
Calculate the remainder when 218958 is divided by 46.
44
What is the remainder when 16522 is divided by 1646?
62
What is the remainder when 2497 is divided by 624?
1
Calculate the remainder when 885 is divided by 780.
105
Calculate the remainder when 3623 is divided by 132.
59
Calculate the remainder when 3036 is divided by 377.
20
Calculate the remainder when 8872 is divided by 1477.
10
What is the remainder when 23074 is divided by 22?
18
Calculate the remainder when 1954 is divided by 847.
260
What is the remainder when 836534 is divided by 1108?
1102
Calculate the remainder when 25051 is divided by 141.
94
What is the remainder when 258708 is divided by 29?
28
What is the remainder when 700 is divided by 353?
347
Calculate the remainder when 553 is divided by 114.
97
Calculate the remainder when 179795 is divided by 4385.
10
Calculate the remainder when 21391 is divided by 24.
7
What is the remainder when 8794 is divided by 2195?
14
What is the remainder when 7748 is divided by 458?
420
Calculate the remainder when 16206 is divided by 141.
132
Calculate the remainder when 168174 is divided by 728.
6
Calculate the remainder when 14446 is divided by 201.
175
What is the remainder when 1868716 is divided by 37?
31
Calculate the remainder when 156785 is divided by 1120.
1105
What is the remainder when 10932 is divided by 569?
121
Calculate the remainder when 270494 is divided by 1878.
62
What is the remainder when 12558 is divided by 111?
15
Calculate the remainder when 2794 is divided by 17.
6
Calculate the remainder when 12315 is divided by 55.
50
What is the remainder when 21833 is divided by 7272?
17
What is the remainder when 16402 is divided by 47?
46
What is the remainder when 106557 is divided by 160?
157
What is the remainder when 28241 is divided by 147?
17
What is the remainder when 3599314 is divided by 46?
44
Calculate the remainder when 13236 is divided by 61.
60
What is the remainder when 1579 is divided by 1195?
384
What is the remainder when 1053 is divided by 285?
198
What is the remainder when 2598 is divided by 104?
102
What is the remainder when 103752 is divided by 17290?
12
What is the remainder when 2161